35.
5, 13, 17, 59, 109
What are the prime factors of 239096389?
7, 73, 467899
List the prime factors of 99375028.
2, 131, 199, 953
What are the prime factors of 2125129451?
89, 23877859
What are the prime factors of 759150842?
2, 1229, 308849
What are the prime factors of 63140940?
2, 3, 5, 350783
What are the prime factors of 435707351?
435707351
What are the prime factors of 179228117?
163, 1099559
What are the prime factors of 400464976?
2, 19, 1317319
What are the prime factors of 17266206?
2, 3, 71, 40531
List the prime factors of 56959955.
5, 13, 876307
List the prime factors of 43530012.
2, 3, 127, 9521
What are the prime factors of 266559280?
2, 5, 13, 256307
What are the prime factors of 215134200?
2, 3, 5, 107, 1117
What are the prime factors of 159581982?
2, 3, 7, 3799571
What are the prime factors of 628978868?
2, 7, 41, 173, 3167
List the prime factors of 477673904.
2, 29854619
What are the prime factors of 556012481?
3709, 149909
List the prime factors of 356776283.
16657, 21419
List the prime factors of 304407321.
3, 17, 31, 6211
List the prime factors of 418796971.
418796971
What are the prime factors of 228417544?
2, 19, 1502747
What are the prime factors of 225390170?
2, 5, 97, 317, 733
What are the prime factors of 6490945397?
6490945397
List the prime factors of 1101862757.
1101862757
List the prime factors of 112168831.
112168831
List the prime factors of 71801848.
2, 709, 12659
What are the prime factors of 12346198?
2, 73, 103, 821
What are the prime factors of 71902737?
3, 73, 109441
List the prime factors of 393641782.
2, 31, 431, 14731
What are the prime factors of 63748960?
2, 5, 11, 29, 1249
List the prime factors of 3022264057.
617, 827, 5923
List the prime factors of 875335392.
2, 3, 251, 12109
What are the prime factors of 250235545?
5, 7, 131, 54577
List the prime factors of 286810855.
5, 57362171
What are the prime factors of 759996830?
2, 5, 103, 737861
List the prime factors of 2311915209.
3, 4889, 157627
What are the prime factors of 1078218125?
5, 829, 2081
List the prime factors of 72023135.
5, 17, 49843
What are the prime factors of 2624999440?
2, 5, 7, 4687499
What are the prime factors of 357116329?
191, 1869719
List the prime factors of 478388366.
2, 239194183
What are the prime factors of 520228832?
2, 17, 956303
List the prime factors of 10157061.
3, 1613, 2099
What are the prime factors of 360313614?
2, 3, 20017423
List the prime factors of 52499702.
2, 73, 359587
List the prime factors of 24307020.
2, 3, 5, 45013
List the prime factors of 543783168.
2, 3, 236017
What are the prime factors of 457446153?
3, 152482051
What are the prime factors of 1811975086?
2, 1619, 559597
What are the prime factors of 1220649558?
2, 3, 203441593
What are the prime factors of 43009282?
2, 4111, 5231
What are the prime factors of 530270452?
2, 29, 4571297
What are the prime factors of 350783972?
2, 7, 11, 31, 36739
What are the prime factors of 377752?
2, 23, 2053
List the prime factors of 330657464.
2, 41332183
What are the prime factors of 455622191?
197, 239, 9677
What are the prime factors of 251608652?
2, 43, 61, 23981
List the prime factors of 300318519.
3, 29, 3451937
What are the prime factors of 50394189?
3, 31, 701, 773
What are the prime factors of 45959313?
3, 17, 23, 39181
List the prime factors of 331763819.
113, 1447, 2029
What are the prime factors of 3417936027?
3, 11, 29, 53, 79, 853
What are the prime factors of 600583181?
11, 31, 673, 2617
List the prime factors of 42719335.
5, 41, 208387
List the prime factors of 428564987.
29, 31, 476713
What are the prime factors of 6142668?
2, 3, 7, 73127
What are the prime factors of 2283289655?
5, 31, 14730901
List the prime factors of 14643444.
2, 3, 113, 10799
What are the prime factors of 1670900622?
2, 3, 19, 43, 7927
List the prime factors of 41763953.
7, 11, 41, 13229
What are the prime factors of 29832500?
2, 5, 11933
List the prime factors of 120596062.
2, 17, 107, 33149
List the prime factors of 746468587.
20611, 36217
List the prime factors of 9933505.
5, 271, 7331
What are the prime factors of 1513302621?
3, 29, 17394283
What are the prime factors of 443040967?
1867, 237301
List the prime factors of 2853876636.
2, 3, 13, 36083
What are the prime factors of 32539125?
3, 5, 86771
List the prime factors of 18491881.
18491881
List the prime factors of 304716419.
7, 107, 257, 1583
What are the prime factors of 27293087?
37, 277, 2663
What are the prime factors of 60332050?
2, 5, 61, 131, 151
What are the prime factors of 2039227861?
11, 185384351
What are the prime factors of 1999808718?
2, 3, 333301453
What are the prime factors of 703804372?
2, 179, 982967
List the prime factors of 129142240.
2, 5, 19, 23, 1847
List the prime factors of 1107933197.
7, 17, 29, 321047
List the prime factors of 26683688.
2, 67, 49783
What are the prime factors of 15071298?
2, 3, 11, 228353
List the prime factors of 359828544.
2, 3, 1874107
What are the prime factors of 866840673?
3, 1367, 211373
What are the prime factors of 296968360?
2, 5, 13, 571093
What are the prime factors of 637396401?
3, 19, 23, 25589
List the prime factors of 139074253.
139074253
What are the prime factors of 401018603?
89, 167, 26981
List the prime factors of 4366084197.
3, 131, 11109629
What are the prime factors of 52392388?
2, 509, 25733
List the prime factors of 35938121.
23, 1562527
List the prime factors of 456032397.
3, 103, 1475833
List the prime factors of 134544021.
3, 29, 53327
List the prime factors of 700668246.
2, 3, 29, 4026829
List the prime factors of 52745264.
2, 11, 13, 23053
What are the prime factors of 59250035?
5, 13, 193, 4723
List the prime factors of 1180248204.
2, 3, 383, 256799
List the prime factors of 871033140.
2, 3, 5, 47, 149, 691
What are the prime factors of 83649544?
2, 11, 61, 15583
What are the prime factors of 10808289?
3, 400307
List the prime factors of 37912187.
37912187
List the prime factors of 68014885.
5, 13602977
What are the prime factors of 2662551930?
2, 3, 5, 88751731
List the prime factors of 2014654155.
3, 5, 67, 2004631
List the prime factors of 107281884.
2, 3, 8940157
List the prime factors of 202518872.
2, 19, 1332361
What are the prime factors of 178805104?
2, 1063, 10513
List the prime factors of 5671133364.
2, 3, 13, 47, 83, 9319
List the prime factors of 68363157.
3, 181, 125899
What are the prime factors of 28594325?
5, 751, 1523
What are the prime factors of 40858274?
2, 29, 704453
List the prime factors of 1783029663.
3, 198114407
What are the prime factors of 8679840655?
5, 233, 7450507
What are the prime factors of 88768746?
2, 3, 11, 53, 769
What are the prime factors of 2925142647?
3, 7, 173, 805159
What are the prime factors of 189232495?
5, 19, 1991921
What are the prime factors of 1090318016?
2, 107, 113, 1409
List the prime factors of 131468635.
5, 47, 11903
List the prime factors of 39354035.
5, 7, 19, 23, 31, 83
List the prime factors of 57940712.
2, 7242589
What are the prime factors of 1265340520?
2, 5, 31633513
List the prime factors of 24006778.
2, 12003389
List the prime factors of 120678911.
120678911
List the prime factors of 2017697380.
2, 5, 100884869
What are the prime factors of 3084514182?
2, 3, 29, 24317
What are the prime factors of 59544448?
2, 157, 2963
What are the prime factors of 36074752?
2, 7, 41, 491
List the prime factors of 679742246.
2, 17, 19992419
List the prime factors of 84739764.
2, 3, 17, 415391
What are the prime factors of 211931994?
2, 3, 73, 483863
What are the prime factors of 260626239?
3, 587, 49333
What are the prime factors of 25194010?
2, 5, 31, 67, 1213
List the prime factors of 181319714.
2, 4241, 21377
List the prime factors of 430156225.
5, 263, 65423
List the prime factors of 2084637868.
2, 37, 14085391
What are the prime factors of 89640970?
2, 5, 8964097
List the prime factors of 2269576281.
3, 7, 108075061
What are the prime factors of 3135267922?
2, 24391, 64271
What are the prime factors of 898621370?
2, 5, 1549, 58013
List the prime factors of 2180852988.
2, 3, 271, 670619
List the prime factors of 137973904.
2, 17, 67, 113
List the prime factors of 370421363.
13, 28493951
List the prime factors of 110749837.
11, 457, 22031
What are the prime factors of 4616739739?